ime factors of k(0)?
2, 3, 7
Let t(p) = 114*p + 11. Let m = 128 + -125. List the prime factors of t(m).
353
Let t be 24*(1 + 13/(-4) - -3). Suppose 81 = 2*n - 1. Let d = n - t. What are the prime factors of d?
23
Let k(f) be the third derivative of -13*f**4/24 - 4*f**3/3 + 16*f**2. Let z = -16 - -10. What are the prime factors of k(z)?
2, 5, 7
Suppose 37 + 275 = 6*t. Let v = t + -50. Suppose v*r = 4*m - 56, m + 4*r + 7 = 2*m. What are the prime factors of m?
3, 5
Let y be 1*(-1)/4 + (-248)/32. List the prime factors of 15*24 + -10*y/(-20).
2, 89
Let l be ((-24)/(-28))/((-6)/(-28)). Suppose z = 3*d - 635, -5*d - 4*z + 216 = -l*d. Suppose q - d = -5*b, 6*q - b = 2*q + 911. List the prime factors of q.
227
Suppose -10*f - 3*f + 2912 = 0. Suppose -2*c + f = t + 2*t, 3*t + c = 226. What are the prime factors of t?
2, 19
Let q be 8/(-2) + (-4)/1. Let n = q + 11. Suppose 20 = -5*j, n*j + 15 = -0*r + r. What are the prime factors of r?
3
Suppose -3*l = 5*z - 194313, -175*z + 171*z + 155466 = 5*l. What are the prime factors of z?
3, 12953
Let k(n) = -9*n**2 + 15*n + 19. Let d(t) = 7*t - 6*t**2 + 28 + 15*t - 4*t**2 - 3*t**2. Let q(a) = -5*d(a) + 7*k(a). List the prime factors of q(10).
11, 13
Let k = 2022 - 1380. List the prime factors of k.
2, 3, 107
Let z = -42 - -71. Suppose -3*f = -3*j - 51, -2*f = f + 2*j - 61. Let m = z - f. List the prime factors of m.
2, 5
Suppose -8*v = 3*v - 22. What are the prime factors of (v - 230/(-4))/(1/2)?
7, 17
Suppose -40*k = -0*k - 157720. What are the prime factors of k?
3943
Suppose -8*p + 10*p - 10536 = -n, -2*n = -5*p + 26340. Suppose -p = -133*l + 121*l. What are the prime factors of l?
439
Suppose -2*c + 87062 + 122598 = 2*c. What are the prime factors of c?
5, 11, 953
Let k = 6575 - -5999. Suppose -4*q = k - 39390. List the prime factors of (q/6)/8 - (-2)/(-3).
139
Suppose 94401 = 3*o - 4*d, 3*o - d = 2*o + 31468. List the prime factors of o.
11, 2861
Let c(y) = -2 + 9 + 5*y + 0*y - y**2 + 2*y. Let r(t) = t + 1. Let q(a) = c(a) + 6*r(a). What are the prime factors of q(10)?
43
Let w = -8395 + 18772. What are the prime factors of w?
3, 1153
Let b(o) = -454*o**3 + 3*o**2 - 3. List the prime factors of b(-2).
11, 331
Suppose 21*j = 1941 - 135. Suppose -1656 = -j*z + 82*z. List the prime factors of z.
2, 3, 23
Let t(x) = x**2 - 16*x + 56. Let r be t(11). List the prime factors of (r*(-5 + 4))/((-2)/430).
5, 43
Suppose 1164084 = 103*p + 55*p - 1064664. List the prime factors of p.
2, 3, 2351
Let l = 22434 - 14906. What are the prime factors of l?
2, 941
Let y be (-247 + 6 + -4)*(-6)/10. Let a = -102 + y. What are the prime factors of a?
3, 5
Let b(u) = 2*u**2 + 25*u - 31. Let f be b(-19). Let p be 1/((-3)/f*8/(-6)). Suppose -54 = -m + p. List the prime factors of m.
2, 3
Let j(v) = -v**3 - 18*v**2 + 43*v - 105. List the prime factors of j(-24).
3, 773
List the prime factors of 6535 - (-21)/((-21)/(-10)).
5, 7, 11, 17
Let a(g) = -g**3 + 23*g**2 - 31*g - 8. Let w be a(21). Let b = w - 19. What are the prime factors of b?
2, 3, 17
Suppose 0 = -9*u + 23*u - 72142. List the prime factors of u.
5153
Suppose -2*s = 3*a + 9, s - 4*s + 9 = 0. Let q be (a + 1)*(-252)/(-48). What are the prime factors of (7 + 91/q)/((-4)/(-42))?
2, 7
Suppose 5*k = -10, 0 = d + 10*k - 6*k - 1117. Suppose 18*t - 23*t + d = 0. List the prime factors of t.
3, 5
Suppose 0 = 4*t - 3*w + 60, -2*t - 8*w + 6*w - 16 = 0. What are the prime factors of 3/6*373*t/(-2)?
3, 373
Suppose -48668 - 16487 = -5*g - 5*b, -4*b = -2*g + 26074. What are the prime factors of g?
13033
Let k(j) = j**3 - 77*j**2 - 76*j - 194. What are the prime factors of k(80)?
2, 23, 281
Let m be (1 + -3 + -1)/(6/16). Let x(s) = -s**3 - 5*s**2 - 15*s - 20. Let w be x(m). Suppose 4*k = 5*o - w, 0*k = o + 5*k - 41. List the prime factors of o.
2, 7
Let m(r) = r**2 + 7*r - 21. Suppose -5*w + 11 = 4*q - 21, -35 = -5*q - 5*w. Let u be m(q). Let g(d) = d**2 - 8*d + 15. List the prime factors of g(u).
2, 3
Suppose 6*f - 2*f = 20. Suppose 0*l + 2*l - 3*m + f = 0, -5*l = 2*m - 16. Suppose n + l*t = -3*t + 52, 2*t - 144 = -2*n. What are the prime factors of n?
7, 11
Let v(g) = -2*g**3 + 6*g**2 + 27*g - 16. Let l(c) = -2*c**3 + 5*c**2 + 25*c - 16. Let u(b) = -6*l(b) + 5*v(b). What are the prime factors of u(5)?
191
Suppose 2*m = -4*d + 83412, 96*d = 90*d - 4*m + 125120. List the prime factors of d.
2, 13, 401
Suppose -9*u - 3373616 = -167*u. List the prime factors of u.
2, 17, 157
Let z = 12550 + -8182. List the prime factors of z.
2, 3, 7, 13
Let i be -68 + 0 + -1 + 1. Let p = -1399 - -1408. Let n = p - i. What are the prime factors of n?
7, 11
Suppose -60*f + 52*f = -64. Suppose 4*d + f*z - 3*z = 1780, -1335 = -3*d + 4*z. What are the prime factors of d?
5, 89
Suppose -5*c - 4*r = -14933 - 67426, -45 = 5*r. List the prime factors of c.
3, 1831
Let d = -219 + 361. Suppose -4*g + d = m, -97 = -m - 2*g + 49. List the prime factors of m.
2, 3, 5
Let t(l) = 7*l - 11 - 15*l - 15*l. Let k be t(-6). Suppose -5*m + q + k = 0, -m = 4*m + 3*q - 139. What are the prime factors of m?
2, 13
Let d = 99 + -99. Suppose -5*g + 15 = d, -4*i + 15*g + 1127 = 12*g. What are the prime factors of i?
2, 71
Suppose 3*o + 3596*d = 3594*d + 106595, 3*o = -5*d + 106571. List the prime factors of o.
35537
Let r be 1*(2 - 0)*1. Suppose -3*y + 512 = 116. Suppose -2*t - 197 = -3*l - t, -r*l = -t - y. List the prime factors of l.
5, 13
Let p = 39082 + -7110. What are the prime factors of p?
2, 7993
Suppose -17*x = -8*x. Suppose x = -5*w + 27 - 7. Suppose 0 = -w*c + 5*p + 585, 576 = 4*c + 2*p + 2*p. List the prime factors of c.
5, 29
Let n(o) = o**2 - 19*o + 63. Let w be n(4). Suppose -w*h + 7*h - 1816 = -3*b, 0 = b - 3*h - 601. List the prime factors of b.
2, 151
Let k be 2/(20/21 - (-20)/(-70)). Let l be k/(-5) + (-24)/10. Let d = 28 + l. List the prime factors of d.
5
Suppose 4*u - 5478 = 2*h + 2180, 2*u + 5*h - 3847 = 0. Suppose -y = 63*k - 62*k - 956, 0 = 2*y + 4*k - u. List the prime factors of y.
2, 3, 53
Let o(p) = 76*p**2 + 3935*p + 35. List the prime factors of o(-68).
37, 2267
Suppose 155635 + 93089 = 49*u. What are the prime factors of u?
2, 3, 47
Let n(k) = 1431*k + 732. List the prime factors of n(7).
3, 3583
Suppose 5*h = 3*n - 21 + 16, -5*n - 2*h = 33. Let r(y) be the first derivative of y**4/4 + 3*y**3 + 7*y**2/2 - 7*y + 1. What are the prime factors of r(n)?
2, 29
Let l(i) = 21*i**2 + 2*i + 1. Suppose -5*o + 6 = 3*c - 0, -2*o + 10 = 5*c. Let n be (c*1/2)/(4/(-8)). List the prime factors of l(n).
3
Let y be -1*(24/(-108) + 155/9). Let s be y + 2 + (-2)/2. List the prime factors of (-63)/(-2) - 8/s.
2
Let s = 8 + -6. Let u(q) = -10*q**2 + 2 + 7*q**2 + 7*q - 5*q**s + q**3. What are the prime factors of u(7)?
2
Suppose -17*i - 63*i = -51360. List the prime factors of i.
2, 3, 107
Let b = 65 + -61. Suppose -12*i + 7*i + s + 5941 = 0, -4756 = -b*i + 4*s. What are the prime factors of i?
2, 3, 11
Suppose 345 = 9*v - 8*v. Let t = 1535 - 571. Suppose b = 4*j - v - 643, -5*b = 4*j - t. List the prime factors of j.
2, 3, 41
Let h be (-5)/((28/16)/7). Let b be (2/(-3))/(h/30). What are the prime factors of (b + -74)*7/(-21)*6?
2, 73
Let h = 31062 - 25440. List the prime factors of h.
2, 3, 937
Let n(r) = -1164*r - 5840. List the prime factors of n(-39).
2, 11, 29, 31
Let p(j) = 263*j - 909. List the prime factors of p(34).
29, 277
Let i(v) = 6*v**3 - 13*v**2 + 32*v - 71. What are the prime factors of i(13)?
2, 5, 11, 103
Suppose 2*m + 4*p - 369 - 269 = 0, 5*p = 25. Let q = -155 + m. Suppose 5*u - 591 - q = 0. What are the prime factors of u?
149
Let p = 80 - 77. Suppose y - 53 = 2*g - 6*g, 0 = p*g - 2*y - 26. Let r = g - -133. What are the prime factors of r?
5, 29
Let j(s) = 199*s**2 + 97*s + 1172. List the prime factors of j(-15).
2, 7, 227
Let w = 1824 + -244. Suppose 5*f + q = -3*q + w, -599 = -2*f + 5*q. Suppose 6*j - 5*l = 2*j + 669, -2*j + f = 2*l. List the prime factors of j.
7, 23
Let w(c) = c**3 + 12*c**2 + 12*c + 18. Let j be (23 + -19)*(-10)/4. List the prime factors of w(j).
2, 7
Suppose -2*d = n - 2*n + 656, -4*n = 16. Let f = d - -376. What are the prime factors of f?
2, 23
Let f(v) = 258*v. Suppose 3*k + 0*z - 2*z = -1, 5 = -k + 3*z. List the prime factors of f(k).
2, 3, 43
Suppose 3*i = -4*z + 1487 + 